ist the prime factors of r.
17
Let u be (0 - -48)*149946/(-536). Let r = 23 + -77. What are the prime factors of 4/(-6) + u/r?
2, 31
Suppose -4*n + 9 = -3. Suppose -n*a - 80 = 2*g - 295, -3*g + 2*a = -329. Let x = g + -103. What are the prime factors of x?
2, 3
Let v = -5139 - -8569. List the prime factors of v.
2, 5, 7
Suppose 4*g - 24 - 64 = 0. Let h(t) = 4 + 2*t + 20 - 5 + g. List the prime factors of h(0).
41
Let s(a) = 367*a**3 - 3 + 3*a - 2*a**2 + 1 + 1 + 193*a**3. List the prime factors of s(1).
2, 5, 7
Let k(q) = 116*q**2 - 135*q + 754. List the prime factors of k(7).
3, 1831
Suppose 0*i - 128 = -8*i. Suppose i*j - 22*j = -2520. What are the prime factors of j?
2, 3, 5, 7
Let f = -253 - -258. List the prime factors of (-3)/(-6*f/1100).
2, 5, 11
Let t = 11 - 260. Suppose 0 = 4*j - 53*h + 50*h - 1617, 0 = -5*h - 15. Let s = j + t. List the prime factors of s.
3, 17
Let j = 73 - 72. What are the prime factors of ((-111)/185)/(j/(-1370))?
2, 3, 137
Let p = 39 + -37. Let x = p - 27. List the prime factors of ((-120)/x)/(-6)*-30.
2, 3
Let a be (3/6)/((-2)/(-2564)). Suppose 6*q - 5*q = w - 2, 2 = 2*w - 3*q. Suppose -w*i = -5*l + 520, -a = -4*l + 4*i - 225. List the prime factors of l.
2, 13
Let r(a) = -22*a**3 - 14*a - 7 + 9*a**3 - 6*a**2 + 11*a**3 + 44*a. What are the prime factors of r(-7)?
5, 7
Let h(l) = 7*l + 31. Let r be h(-3). Suppose p - 2926 = -r*p. List the prime factors of p.
2, 7, 19
Let c = 197631 - 134076. List the prime factors of c.
3, 5, 19, 223
Let f(l) = -2008*l - 1184. What are the prime factors of f(-4)?
2, 107
Suppose 0 = -32*t + 21*t. What are the prime factors of 159 + t - (-20)/(2 + -7)?
5, 31
Let i(g) = 2*g**3 + 46*g**2 + 26*g - 65. List the prime factors of i(-21).
1153
Suppose 36*b + 492071 = 579667 + 852832. List the prime factors of b.
151, 173
Suppose -7346 = 19*i - 621013 - 648180. List the prime factors of i.
66413
Suppose 24 = i + 2*i. List the prime factors of (-3 - 48/i) + 335.
2, 163
Suppose -8 + 2 = 3*p, 4*k = -p + 198. Suppose -27 + k = -f. Let j = f + 139. List the prime factors of j.
2, 29
Let h = -322 - -987. Suppose p - 4*z = 4*p - 1015, 2*p - h = -5*z. Suppose 2*y + 5*g - p = -0*g, 5*g + 5 = 0. What are the prime factors of y?
5, 7
Let i = -397 - -635. Let w = 1354 - i. What are the prime factors of w?
2, 3, 31
Suppose -2*u = -4*d - 2604, -4*u + 3*d + 5906 = 683. Suppose c - 244 = -4*q, 4*c = -c + 2*q + u. What are the prime factors of c?
2, 5, 13
Suppose 5*r - d + 285 = 996, 4*d - 706 = -5*r. Let t = r - 19. What are the prime factors of t?
3, 41
Let i be -1*((-1 - -3) + -11). Suppose -l - i = -3*a, -5*l + l - 4*a + 12 = 0. Suppose -g - g + 212 = l. List the prime factors of g.
2, 53
Let m(a) = 17*a**3 - a**2 - a - 6. Let o(d) = 34*d**3 - 3*d**2 - 2*d - 13. Let y(w) = -5*m(w) + 2*o(w). What are the prime factors of y(-2)?
2, 67
Suppose f + 34 = -y - 2*y, 3*f - 3*y = -42. Let i = -16 - f. Suppose 20 + 85 = i*n. What are the prime factors of n?
5, 7
Let m(d) = d**3 - 23*d**2 + 47*d - 26. Let r be m(21). Let u = 110 - r. List the prime factors of u.
31
Let a = -1759 - -1049. Let n = 1603 + a. List the prime factors of n.
19, 47
Let o = -77 - -81. Let y be ((-3)/(-6))/(o/(24 - 0)). Suppose -3*p + 9 = -0*p, -93 = -2*w + y*p. What are the prime factors of w?
3, 17
Suppose 5*l = 4*m - 91 + 32, 4*l - 36 = -2*m. Suppose -m*f + 31*f - 2160 = 0. List the prime factors of f.
2, 3
Let m(b) = 4221*b - 9515. List the prime factors of m(10).
5, 13, 503
Let y(r) = 27824*r**2 - 552*r + 552. What are the prime factors of y(1)?
2, 37, 47
Let h(o) = o**3 - 28*o**2 + 35*o - 56. Let s be h(26). Let g = -57 - s. What are the prime factors of g?
3, 7
Suppose 0*v + 6*v = 12. Suppose v*g + 28 = 84. Suppose -g - 48 = -a - 3*t, 5*a = 5*t + 340. List the prime factors of a.
2, 5, 7
Suppose -4*i + 16420 = 146*y - 151*y, -3*y - 4112 = -i. What are the prime factors of i?
2, 5, 41
Let n(h) = -h + 4. Let v be n(4). Suppose v = 8*y - 13*y + 75. Suppose 0 = y*q - 5*q - 1040. List the prime factors of q.
2, 13
Let s be -26*(0 - 1)*1. Suppose s - 359 = -a. List the prime factors of a.
3, 37
Let m(l) = -l**2 + 19*l + 19. Let d(o) = o**2 - 9*o - 10. Let v(z) = -5*d(z) - 2*m(z). Let q be v(6). What are the prime factors of -4 - (q - (-2)/(-2))?
3, 17
Suppose m = 2*q - 16504, 7*q + 4*m = 2*q + 41247. List the prime factors of q.
37, 223
Let b(g) = 4*g**3 + 33*g**2 + 12*g + 51. Let p(q) = 5*q**3 + 34*q**2 + 11*q + 50. Let u(t) = -6*b(t) + 5*p(t). What are the prime factors of u(29)?
2, 73
Let t(d) = -3*d**3 - 30*d**2 + 25*d + 54. List the prime factors of t(-14).
2, 257
Let s = 10 - -24. Let c = s - 12. Let p = c + -17. What are the prime factors of p?
5
Let r(i) = 215*i - 1073. What are the prime factors of r(10)?
3, 359
Suppose -2*n = -2*f + 152, -4*f - 3*n = -0*n - 318. Suppose 0*p = 4*z + p - 150, 0 = -2*z + p + f. Suppose -380 = -z*g + 33*g. What are the prime factors of g?
2, 19
Suppose 3*t = -2*f + 59, -2 - 23 = 5*f. Let i = 56 - t. Let y = i - 16. What are the prime factors of y?
17
Suppose 4*b - 39925 = 3*c, c = 2*b - 10320 - 9643. What are the prime factors of b?
2, 7, 23, 31
Let d(q) = 139*q**2 + 31*q - 110. What are the prime factors of d(5)?
2, 5, 11
Let m = -34096 - -56818. What are the prime factors of m?
2, 3, 7, 541
Let d(n) = 71*n**2 + 19*n - 6. List the prime factors of d(12).
2, 3, 1741
Suppose 1749*b - 4132595 = 1654*b. What are the prime factors of b?
41, 1061
Let m be 5 - 13/3 - 458/(-6). Let n = m - 63. What are the prime factors of (-62)/(2/1)*(n + -15)?
31
Let a(w) be the second derivative of -191*w**3/2 - 6*w**2 + 55*w. What are the prime factors of a(-2)?
2, 3, 7
Let n be (2/3)/((-16)/(-48)). Suppose 3*j = -n*j + 15. Suppose -6*w = 3*k - w - 264, k + j*w - 92 = 0. What are the prime factors of k?
83
Let j(n) = 4677*n**2 - 51*n + 154. What are the prime factors of j(3)?
2, 13, 1619
Suppose -9*s = -2*s - 14. Suppose s*b - 5*f = 12, -2*b + 3*f = -0 - 4. List the prime factors of ((-18)/b)/((-24)/(-32)).
2, 3
Let s(r) = r - 22. Suppose -17*j + 413 = 175. Let w be s(j). List the prime factors of 101/((-10)/w - 6/24).
101
Let d(s) = 3*s**2 - 6*s + 14. Let v be d(-6). Suppose -3*k + v = -k. Suppose 6*q = 793 - k. What are the prime factors of q?
7, 17
Let s be (-32 + -1)*(-46)/6. Let r be -1 + (-13)/(-11) - 46/s. Suppose -f + 6*f - 620 = r. What are the prime factors of f?
2, 31
Let l(u) = -10*u + 5*u**2 + 18 - 2*u - 4*u**2. Let y be l(11). Suppose 3*b + 116 = y*b. List the prime factors of b.
29
Let i = -80 - -84. Suppose -5*p + 11 = -i. Suppose 0*r - 3*r + 85 = -4*c, p*r = 3*c + 90. List the prime factors of r.
5, 7
Let r = 67304 - 38390. List the prime factors of r.
2, 3, 61, 79
Let u(r) = r**2 - 7*r - 2. Let p be 1 - (4/2)/2. Suppose b = h + 14, 4*b + 6*h - 4*h - 68 = p. What are the prime factors of u(b)?
2, 71
Let w = 620 - 620. Suppose -3*h + 593 + 544 = w. What are the prime factors of h?
379
Let i(k) = -46*k - 5. Let h be i(-6). Suppose 16 = 4*l + 504. Let r = l + h. What are the prime factors of r?
149
Let k be 3/(-2) + 31635/38. Suppose 4*i - 657 = k. List the prime factors of i.
2, 3, 31
Let c(o) = o**3 - 18*o**2 - 12*o + 15. Let f = 106 + -82. Let i be 3 + f + -3 + -5. What are the prime factors of c(i)?
2, 37
Suppose -5*b + 4570 = 3*t, -7*t - 5*b = -11*t + 6070. Let o = t - 674. What are the prime factors of o?
2, 3, 47
Let o(i) be the second derivative of 7*i**5/20 - i**4/12 + i**3/6 - i**2 + 15*i. Let c(q) be the first derivative of o(q). List the prime factors of c(-2).
89
Suppose 53*p = 23*p + 636060. List the prime factors of p.
2, 10601
List the prime factors of (540/(-42))/((-15)/2170).
2, 3, 5, 31
List the prime factors of (26106/9)/(30/90).
2, 19, 229
Let s = 32 - 54. Let u = -2592 + 2635. Let j = s + u. List the prime factors of j.
3, 7
Let l be -2 + 10 + -4 - 24. Let t = l - -673. Suppose -p = -4*m + t, -2*p - 3*p = -4*m + 673. What are the prime factors of m?
2, 3
Suppose 14*x - 16*x + 16 = 0. Suppose x*h - 1568 = -0*h. Suppose 0 = -k + 5*k - h. What are the prime factors of k?
7
Let i = 99073 + -64693. What are the prime factors of i?
2, 3, 5, 191
Let f(s) = 8026*s**2 + 22*s - 22. What are the prime factors of f(1)?
2, 4013
Let s(c) = -c**2 - 19*c - 2. Let w be s(-18). Suppose 11*l - w*l 